76?
4
Let v(j) = -2*j**2 - 59*j + 45. Let i be v(-15). What is the highest common divisor of 456 and i?
24
Suppose -6*h - 7*h - 5*h = -324. Calculate the greatest common divisor of h and 3222.
18
Suppose 0 = -8*g + 4*g - 3*q + 755, -q - 576 = -3*g. Suppose g = y + 3*a, y = -2*y + a + 603. Calculate the greatest common divisor of 8 and y.
8
Let m = 407 + -730. Let h = 343 + m. What is the highest common factor of 320 and h?
20
Suppose f + 44 = 2*i, -4*i - 2*f + 34 + 54 = 0. Calculate the greatest common factor of i and 2123.
11
Let t(u) = -3*u + 1. Let j(i) = -3*i**2 - 8*i + 19. Let g(h) = j(h) - 2*t(h). Let s be g(0). Calculate the greatest common factor of s and 68.
17
Let l be (-33)/(-154) - 143109/(-126). What is the greatest common factor of l and 710?
142
Suppose -74 = -3*j - 5*v, 2*j + 6*v - 5*v = 47. What is the greatest common divisor of 2369 and j?
23
Suppose 2*w - 5*f - 39 = -6, 5*w - 170 = -5*f. Let r(u) = 14*u**3 + 2*u**2 - 7*u - 175. Let i be r(4). Calculate the greatest common divisor of w and i.
29
Let y be (-1 + (-4)/8)*4. Let k be (-1)/((-7)/((-462)/y)). Suppose -766 + 161 = -5*j. What is the greatest common divisor of k and j?
11
Suppose -6*r - 5*v + 10 = -r, -5*v - 2 = r. Suppose -r*s + 0*h + 12 = 2*h, 0 = 2*h. What is the greatest common divisor of 68 and s?
4
Suppose -8*b - 22*w + 363 = -23*w, -2*b - w = -87. Calculate the highest common factor of b and 30.
15
Suppose 4*a + 195 = 211. Suppose -496 = -y - 3*y - 4*t, 2*y - a*t = 224. Calculate the highest common factor of 8 and y.
8
Suppose 3*l + 24 = 39. Let b(i) = -2*i + 1. Let f be b(-2). Suppose 0 = q - f*q + 100. What is the highest common factor of q and l?
5
Let q be ((-49)/14 - -6) + (-2)/4. Suppose -q*v + 22 = 12. Suppose -s = -v*s + 20. What is the greatest common factor of 10 and s?
5
Let g(k) = -6*k - 74. Let f be g(-24). Suppose 0 = 11*v - 16*v. Suppose v = 2*y + 2 - 22. Calculate the greatest common divisor of f and y.
10
Let d = 43 + -39. Suppose 2*x - s = -2, -x + d = -3*x + 2*s. Suppose 0 = -x*q + 7*q - 539. Calculate the highest common factor of q and 7.
7
Suppose -3*i - 5*m + 434 = 2*m, 458 = 3*i + m. Calculate the greatest common divisor of i and 10.
2
Let k = -2250 + 2394. What is the greatest common divisor of k and 176?
16
Let w = 28 + 47. Suppose -3*y + d = 166, 4*d = -2*y - 155 + 49. Let o = w - y. Calculate the greatest common divisor of 10 and o.
10
Let y = 1223 + -2978. Let d be (2/(-5))/(27/y). Let o = d + -23. Calculate the highest common divisor of 3 and o.
3
Let l = -42 + -143. Let t = -9 + l. Let y be t/(-4) - (-20)/(-40). Calculate the highest common divisor of y and 36.
12
Suppose -g - 249 = -9*s + 6*s, -g = -2*s + 168. Suppose 3*t - 2*b + 0*b = 320, 0 = -2*t - 5*b + 226. What is the highest common divisor of s and t?
27
Let l = -3745 - -4126. What is the highest common divisor of 24 and l?
3
Suppose 5*i + 12 = 22. Let l be ((-1)/i)/(2/(-36)). Suppose 4*v - 3*v = l. Calculate the highest common divisor of 45 and v.
9
Let h = -4525 - -4555. What is the highest common factor of h and 2370?
30
Let s(z) be the first derivative of -20/3*z**3 - 14*z + 27 + 1/2*z**2 + 1/4*z**4. Let f be s(20). What is the highest common factor of f and 30?
6
Suppose -v - 5*t + 41 = 0, -2*t + 5164 - 5202 = -3*v. Let w be (-3)/(6/(-20))*32. Calculate the greatest common divisor of v and w.
16
Suppose 4*g - 3*g + 7 = -5*s, 2*s - 34 = -5*g. Let u be (-6)/g + 11/4. Let y be ((-3)/u)/(4/(-16)). What is the highest common divisor of 12 and y?
6
Let o(y) = -y**3 + 7*y**2 - 7*y + 51. Suppose -8*g = 2*m - 5*g - 17, 3*g = 3*m - 18. Let z be o(m). What is the greatest common factor of 32 and z?
2
Let s be (-12)/(-18) - (-38)/6. Let h be (9/36)/(2/24). Suppose 0 = -4*w + 6*w - 5*x - 36, -3*w + h*x + 72 = 0. What is the highest common divisor of w and s?
7
Let f be 350/(0 + 3 + -2). Suppose 0 = -21*z + 16*z + f. Calculate the greatest common divisor of z and 20.
10
Let r = 52 - 37. Let k be (180/(-140) - 3)*2/((-16)/140). What is the highest common divisor of r and k?
15
Suppose 5*p = 4*c + 22006, 3*c - 4 = -c. What is the highest common divisor of p and 62?
62
Let q = -154 - -154. Suppose 5*p + 5*k - 430 = q, 0 = -5*p + 8*p - 2*k - 268. Calculate the greatest common divisor of p and 11.
11
Let j(p) = -14*p**2 - 405*p + 33. Let c be j(-29). What is the greatest common factor of c and 71?
1
Let l be (-24)/16 - ((-9)/15 + 1463/(-70)). What is the greatest common factor of l and 64?
4
Let b(s) = -23*s + 159. Let r be b(-15). Suppose -r = -12*x + 144. Calculate the greatest common divisor of 24 and x.
6
Suppose -24*s + 66*s - 825 = 31*s. What is the highest common factor of s and 3165?
15
Let h(s) = 3*s**2 - 63*s + 644. Let r be h(17). What is the greatest common factor of r and 120?
40
Let o(r) = -r**2 - r. Let c(k) = 7*k**2 + 27*k + 51. Let i(d) = c(d) + 6*o(d). Let p be i(-41). What is the highest common divisor of p and 13?
13
Let z be -3*2/15 - -3*145054/105. What is the highest common factor of 740 and z?
148
Suppose 12996 = 339*d - 301*d. What is the greatest common factor of d and 513?
171
Let l = -297 - -324. Let v be -4*l*(-5 - (-56)/12). Calculate the highest common factor of 48 and v.
12
Let b = 40032 - 16096. What is the highest common factor of b and 128?
128
Suppose -59 - 77 = -17*a. Suppose -1188 = -a*h + 396. Calculate the highest common factor of h and 22.
22
Suppose -2*x = 2*x - 36. Let d(n) = -3 + 0 - 9 - n**2 + 51*n - 11 - 4. Let s be d(48). Calculate the highest common divisor of x and s.
9
Let p = 17204 + -17100. What is the greatest common factor of p and 6266?
26
Let l(b) = 409*b - 6341. Let j be l(16). Suppose -3*p + 0 = -21. Calculate the greatest common factor of p and j.
7
Suppose -4*k + 4*d + 4887 + 2089 = 0, -5*k = 4*d - 8765. What is the highest common factor of k and 44?
11
Suppose 0 = 3*y - 201 - 81. Let v = 157 - y. Calculate the greatest common factor of v and 7.
7
Suppose 0 = 4*g + 16 - 256. Suppose -4*a = -5*l + 44, -2*l + 28 = 19*a - 18*a. What is the greatest common divisor of l and g?
12
Suppose -z - 2 = -7. Let t be ((-2)/2)/(z/(-265)). Let n(s) = -193*s - 893. Let p be n(-6). Calculate the greatest common factor of p and t.
53
Let l be 2/(-11) - (-14536)/88. Let m(z) = 2*z**3 - 132*z**2 + 2*z - 117. Let r be m(66). What is the highest common factor of l and r?
15
Let s be 105*((-336)/(-70))/((-9)/(-10)). Suppose -558*l + s*l = 200. What is the highest common factor of l and 20?
20
Let p = 9493 + -9472. What is the highest common factor of p and 8232?
21
Suppose 0 = -14*u + 4571 + 30126 + 23095. What is the highest common factor of 96 and u?
96
Let o(r) = -22*r**3 + 4*r**2 - 10*r - 32. Let y be o(-2). Calculate the greatest common divisor of y and 310.
10
Let x = -2 - -8. Let c(l) = 29*l - 48. Let w be c(x). Calculate the greatest common divisor of 42 and w.
42
Suppose x - 3*u = -2*x + 90, 5*x - u - 130 = 0. Let f be ((-45)/x)/((-3)/25). Let r be 309/21 - -3*2/21. What is the highest common factor of r and f?
15
Let y(o) = -o**2 + 16*o - 21. Let f be y(12). Let b be f/54*(0 + 6). Suppose -29 - 10 = -b*n. Calculate the greatest common divisor of n and 65.
13
Suppose -17*u - 4*u + 63 = 0. What is the highest common factor of 261 and u?
3
Let d = 8623 - 8622. Calculate the greatest common divisor of d and 2783.
1
Let s(b) = b**2 + 17*b - 13. Let j be s(-18). Suppose 0 = -j*i - 20, 0 = -5*v - 4*i + 550 + 34. What is the greatest common divisor of v and 100?
20
Let o = -70 - -86. Let t(x) = x**3 + 12*x**2 - 35*x + 46. Let q be t(-14). What is the greatest common divisor of q and o?
16
Let p(k) = -k**2 - 10*k - 19. Let v be p(-7). Let w be 1/((v/5)/(64/20)). Let o = -13 + 21. What is the greatest common divisor of o and w?
8
Let v be 51 - 9/3 - 0. Let o = v - 45. Let c be ((-3)/(-2))/((-21)/(-28)). Calculate the greatest common divisor of c and o.
1
Let s be (-11)/(231/(-90))*(-308)/(-110). Calculate the highest common divisor of 3450 and s.
6
Suppose y - 1832 - 1340 = -660. What is the greatest common factor of 16 and y?
16
Let i = -28 - -68. Let o = 247 + 300. Let d = 555 - o. Calculate the highest common factor of d and i.
8
Let d(o) = 10*o**2 - 289*o + 1026. Let s be d(25). Calculate the greatest common factor of 19567 and s.
17
Suppose 